{"id":418,"date":"2020-09-19T14:56:21","date_gmt":"2020-09-19T12:56:21","guid":{"rendered":"https:\/\/stadtlandvolk.net\/?page_id=418"},"modified":"2021-02-14T18:19:22","modified_gmt":"2021-02-14T17:19:22","slug":"mailverteiler","status":"publish","type":"page","link":"https:\/\/stadtlandvolk.net\/?page_id=418","title":{"rendered":"Mailverteiler"},"content":{"rendered":"\n<p>Wir haben einen Mailverteiler eingerichtet, in den ihr euch privat oder als Gruppe eintragen k\u00f6nnt, um stets auf dem aktuellen Stand zu sein und alle unsere Artikel zugeschickt zu bekommen. Ein- und austragen k\u00f6nnt ihr euch <a href=\"https:\/\/lists-11.immerda.ch\/mailman\/listinfo\/stadtlandvolk\">hier<\/a>. Wir freuen uns \u00fcber viele Abonnent*innen!<\/p>\n","protected":false},"excerpt":{"rendered":"<p>Wir haben einen Mailverteiler eingerichtet, in den ihr euch privat oder als Gruppe eintragen k\u00f6nnt, um stets auf dem aktuellen Stand zu sein und alle unsere Artikel zugeschickt zu bekommen. Ein- und austragen k\u00f6nnt ihr euch hier. Wir freuen uns \u00fcber viele Abonnent*innen!<\/p>\n","protected":false},"author":1,"featured_media":0,"parent":0,"menu_order":0,"comment_status":"closed","ping_status":"closed","template":"","meta":{"footnotes":""},"class_list":["post-418","page","type-page","status-publish","hentry"],"_links":{"self":[{"href":"https:\/\/stadtlandvolk.net\/index.php?rest_route=\/wp\/v2\/pages\/418","targetHints":{"allow":["GET"]}}],"collection":[{"href":"https:\/\/stadtlandvolk.net\/index.php?rest_route=\/wp\/v2\/pages"}],"about":[{"href":"https:\/\/stadtlandvolk.net\/index.php?rest_route=\/wp\/v2\/types\/page"}],"author":[{"embeddable":true,"href":"https:\/\/stadtlandvolk.net\/index.php?rest_route=\/wp\/v2\/users\/1"}],"replies":[{"embeddable":true,"href":"https:\/\/stadtlandvolk.net\/index.php?rest_route=%2Fwp%2Fv2%2Fcomments&post=418"}],"version-history":[{"count":10,"href":"https:\/\/stadtlandvolk.net\/index.php?rest_route=\/wp\/v2\/pages\/418\/revisions"}],"predecessor-version":[{"id":634,"href":"https:\/\/stadtlandvolk.net\/index.php?rest_route=\/wp\/v2\/pages\/418\/revisions\/634"}],"wp:attachment":[{"href":"https:\/\/stadtlandvolk.net\/index.php?rest_route=%2Fwp%2Fv2%2Fmedia&parent=418"}],"curies":[{"name":"wp","href":"https:\/\/api.w.org\/{rel}","templated":true}]}}